- 21. Suppose -37*j = -8*j - 4872. Suppose -4*s - j = -108. Give q(s).
-6
Let f(d) = 3*d - 16. Let g be f(6). Suppose 1 = -2*r - n, -g*r + 4*n = r - 26. Let o(m) be the first derivative of -m**4/4 + m**3/3 - m**2/2 + 2. What is o(r)?
-6
Let l(b) = 4*b**3 + 4*b**2 + 44*b + 41. Let p be l(-1). Let v(d) = 21*d + 51. Determine v(p).
-12
Let v = -121 - -257. Let y(x) = 15 + 26*x**2 - 146*x + v*x - 27*x**2. Calculate y(-12).
-9
Let p(w) = 0 + 2 - w + 0 + 1. Suppose 174 - 150 = 3*s. Suppose s*b - 20 - 4 = 0. Give p(b).
0
Let h(s) = 5*s**3 - 8*s + 4. Let a be h(2). Let r(w) = -3*w + 84. Let k be r(a). Let u(o) = o**3 + 2*o - 9. Let f be u(k). Let d(l) = -l - 7. What is d(f)?
2
Let c(l) be the first derivative of -l**2/2 + 3*l - 122. Suppose 0 = -15*g + 3*g + 72. Determine c(g).
-3
Let a = 18 - 14. Suppose 9*m - a*m = 10. Suppose -36 = 5*g - 3*x, 3*x + 16 = -3*g + m*x. Let b(l) = -l**2 - 6*l + 4. Calculate b(g).
4
Let w(q) = 55*q + 2. Let p(d) = 395*d + 21. Let t(z) = -3*p(z) + 21*w(z). Calculate t(-1).
9
Suppose -4*g + 31*c - 71 = 34*c, 3*c - 13 = 2*g. Let d(h) = -h**3 - 15*h**2 - 15*h + 13. Determine d(g).
27
Let g(y) = -y**3 - 2*y**2 - y + 2. Suppose 629*f = 601*f - 56. Calculate g(f).
4
Let s(v) be the first derivative of v**2/2 - 2. Suppose 4*n = 2*z + 6, 26*n + 4 = 42*n - 4*z. Give s(n).
-1
Suppose 2*p + p = 4*r + 83, -3*r - 4*p = 56. Let q = r + 31. Let s(g) = -g**2 + 12*g - 16. What is s(q)?
-5
Let t be (6 - 2 - (51 + 5)/(-7)) + -2. Let s(k) = k**2 - 8*k - 12. What is s(t)?
8
Let f(x) = -4*x - x**2 + 4 + 3*x + 0*x - 5*x. Let h(a) = 15*a + 57. Let y be h(-4). What is f(y)?
13
Let q = -228 - -224. Let m be (1/2*4)/(q/(-18)). Let n(b) = -2*b + 7. Determine n(m).
-11
Let q(t) = 3*t + t**2 + 2*t + 1 - 2. Suppose 8*g = 3*w + 7*g - 39, -3*g = 4*w - 39. Suppose w + 3 = 3*s, 0 = j + 5*s - 18. What is q(j)?
13
Let x(j) = j + 7. Let f(l) = -l - 7. Let g(m) = 7*f(m) + 6*x(m). Let p(i) = 15*i - 4. Let d(a) = 22*a - 4. Let u(c) = 2*d(c) - 3*p(c). Let v be u(4). Give g(v).
-7
Let z(t) = 4 + 72 + 2*t**2 + 68*t - 147*t + 51*t + 60*t. Determine z(-13).
-2
Let n(h) = h**2 + 25*h + 147. Let l be n(-11). Let v(g) = -4*g - 21. What is v(l)?
7
Let w = 60 + 64. Suppose 3*q + w = -q. Let a = -28 - q. Let t(x) = x**2 - x - 3. What is t(a)?
3
Let d(b) be the first derivative of -b - 173 + 1/3*b**3 + 0*b**2. What is d(-3)?
8
Let i(z) = -9*z**3 + 45*z**2 - 28*z + 5. Let g(d) = 23*d**3 - 117*d**2 + 70*d - 12. Let h(c) = -7*g(c) - 18*i(c). Let p = -7 - 0. What is h(p)?
-6
Suppose -765 = 56*z + 218*z + 605. Let m(s) = -7*s - 2*s - s**2 + 3*s. Calculate m(z).
5
Let k(u) = 2*u**3 + 4*u**2 + 2*u - 1. Let v(s) = 3*s + 46. Suppose 3*j = 2*h + h - 42, -h - 50 = 3*j. Let p be v(j). What is k(p)?
-5
Let b(k) be the second derivative of -21/2*k**2 + 0 - 7*k + 1/12*k**4 + k**3. Let f(y) be the first derivative of b(y). Calculate f(-6).
-6
Let h(p) = 10*p - 3*p - 14 - 4*p - 6 - 2*p. What is h(2)?
-18
Let u(s) = 415*s - 27 - 28 - 411*s + 59 + 40*s**3. Calculate u(-1).
-40
Let m(c) be the second derivative of -2*c**3/3 - 52*c**2 + 12*c - 74. What is m(-24)?
-8
Let r(c) = 2*c**3 - 3*c**2 + 4*c. Let i = -14941 - -14938. Determine r(i).
-93
Suppose -26 = -5*g + 44. Let o(y) = -12 - 25 + g*y**2 + 48 + y**3 + 14*y. Give o(-13).
-2
Let q(p) = 210*p - 3. Suppose -2144*k + 2120*k = 0. Calculate q(k).
-3
Let k(o) be the second derivative of -o**7/2520 + o**6/80 - o**5/30 - 11*o**4/4 - 8*o + 3. Let m(j) be the third derivative of k(j). Determine m(9).
-4
Let h(y) = 822*y - 160. Let z(o) = 201*o - 39. Let q(j) = -11*h(j) + 45*z(j). Let d(w) = -w + 4. Let v be d(-3). Determine q(v).
26
Let n(q) = -q**3 - 4*q**2 - 2*q + 3. Let r = -60 - -62. Suppose 8 = -3*p - x, x - 11 + 4 = r*p. Give n(p).
0
Let h(b) = -b**3 - b**2 + b + 2. Let m(o) = -223*o + 1340. Let p be m(6). Determine h(p).
-8
Let t(u) = -28*u - 11. Suppose -13*x + 187 = 148. Calculate t(x).
-95
Let j(k) = -11*k - 30. Let l(m) = -3*m - 1. Let p(r) = -j(r) + l(r). Let i(a) = -15*a - 54. Let b(v) = 6*i(v) + 11*p(v). Give b(0).
-5
Let k(a) = 4*a + 13. Suppose 10*s - 501 = 9. Suppose 6*c - 15 = -s. Determine k(c).
-11
Suppose 4*k = -t - 17, 4*t = k - 3*k - 12. Let j(g) be the second derivative of g**5/20 + g**4/3 + g**3/3 - 7*g**2/2 + 1306*g. Determine j(k).
-15
Let o(r) = r**3 - 7*r**2 - 6*r. Let v(p) = -6*p**3 + 37*p**2 + 33*p + 1. Let j(y) = 11*o(y) + 2*v(y). Suppose -2*g - z - 7 = 0, 2*z - 6 = 4*z. Calculate j(g).
-2
Let f(l) = 17*l - 5 - 20*l - 15818*l**2 + l**3 + 15825*l**2. Determine f(-7).
16
Let i(z) = -9*z**2 + 2*z + 1. Suppose 54 = -4*m - 14*m. Let t be ((-12)/18)/((-2)/m). Determine i(t).
-10
Let r(l) be the first derivative of -2*l**3/3 - 27*l**2 - 67. Let c be r(-27). Let w(i) = i**3 - i**2 + i - 16. Calculate w(c).
-16
Let u(j) = -6*j - 1 + 0 + 13 - 7 - 7. Give u(-9).
52
Let g(y) = -33 + y**3 + 2 + 660*y**2 - 693*y**2 + 33*y + 2. Give g(32).
3
Suppose 0*m - 5*m - 123 = -n, 4*m + 12 = 0. Suppose 21*p - 33*p + n = 0. Let w(l) = -l**3 + 10*l**2 - 7*l - 5. Give w(p).
13
Suppose -22*s = 847 - 671. Let l(d) be the first derivative of -d**3/3 - 9*d**2/2 - 6. Calculate l(s).
8
Let f(r) be the second derivative of 0*r**2 + 1/6*r**3 - 1/12*r**4 + 0 - 18*r - 13/20*r**5. Determine f(1).
-13
Let p(o) = -o + 10. Suppose 26*a = 38 + 14. Calculate p(a).
8
Let m be (-2147)/95 + 6/10. Let u be -1 - m/6 - 30/45. Let y(o) = -o**3 - o + 2. Calculate y(u).
-8
Let b = -175 + 178. Suppose l + 3*c - 27 + 10 = 0, b*l - c = 11. Let p(x) = -x**2 + 3*x + 1. Calculate p(l).
-9
Let k be (378/504)/(1 - (-9)/(-8)). Let j(w) = 5*w - 4. Let m(s) = 13*s - 9. Let c(o) = k*m(o) + 14*j(o). Give c(2).
-18
Let p = 10491 + -10439. Let l(k) = -k**2 + 42*k + 524. What is l(p)?
4
Let f(w) = -w + 1. Let j = 591 + -575. Suppose -397*p + 401*p = -j. Calculate f(p).
5
Let i(n) = -3*n - 1. Suppose 73*y + 4 = 68*y - 4*t, -4*y + 3*t = 28. Let w be 437/95 - y/10. Give i(w).
-16
Let d be (-420)/315*((-2)/(-8))/((-1)/33). Let x(p) = -2*p**2 + 27*p + 2. Determine x(d).
57
Let l(z) = z**3 - 101*z**2 + 189*z + 899. Let w be l(99). Let s(a) = 2*a**2 - 13*a + 14. Give s(w).
38
Let l(g) = 0*g + 0 - 3*g - 2. Let y be l(-3). Let a(p) = p**3 + 2*p**2 - 9*p - 1. Let u(z) = -6*z**3 - 4*z**2 + 52*z + 5. Let t(s) = 5*a(s) + u(s). Give t(y).
0
Suppose 8*b + 444 = 12*b. Let c = b - 101. Let f(h) = -h**3 + 10*h**2 + 1. Give f(c).
1
Suppose -5*l - 19 = 4*k + 8, 3*l + 13 = -2*k. Let s(v) = -v - 16512 + 5496 + 5509 + 5494. Calculate s(k).
-5
Let b(m) be the second derivative of 0*m**2 - 5/6*m**3 + 94*m + 0 + 1/12*m**4. Give b(6).
6
Let s(j) = -2*j**2 + 10*j + 5. Let b be -6*1*(-8)/16. Let f(m) = m**2 - 9*m - 6. Let r(n) = b*f(n) + 2*s(n). Determine r(-7).
-8
Let b(r) be the second derivative of -2*r**3/3 + 7*r**2/2 + 2120*r. Calculate b(3).
-5
Let g(v) be the first derivative of -2*v**2 + 2*v - 991. Let c(b) = -3*b - 38. Let n be c(-12). Give g(n).
10
Let h(x) = -x**3 - 3*x**2 + 2. Suppose 25 = -5*n + 5*b, n - 4*n + b = 5. Let c(g) = 1 - 19*g + n + 20*g. Let s(i) = 2*c(i) - h(i). What is s(-2)?
0
Let b(k) = -k**2 + 2*k + 1. Let z = 51 - 47. Suppose -z*p + 26 = 22. Let o be 0 - (0 + (-4 - 1) + p). Calculate b(o).
-7
Let i(j) = j**3 - j**2 - 15*j - 31. Let h(d) = -1251*d + 15017. Let c be h(12). Determine i(c).
-6
Let p(h) = 29*h + 16 - 3*h**2 - h**3 - 24*h - 20. Let l be 258/(-54) + (-3)/((-81)/(-6)). Determine p(l).
21
Let v(l) = -l**3 + 6*l**2 - 4*l + 6. Let x(o) = -24*o**2 - 385*o - 11. Let u be x(-16). Calculate v(u).
11
Let k be -1*(-4 + 2 - -3)*-5. Let i = -22 - -24. Let f(g) = 488*g**2 - 489*g**2 - g + i + 5*g. What is f(k)?
-3
Let b(n) be the first derivative of 1/4*n**4 + 9/2*n**2 + 10/3*n**3 + 2*n + 140. Calculate b(-9).
2
Let r(m) = m**2 - 62*m + 599. Let q be r(12). Let l(o) = -9*o**2 + 26*o + 27. Determine l(q).
-8
Suppose 4*o + 15 = 3*d, -4*d + d = -o - 15. Let n(v) = -1 + d*v - 2*v - 1 - 7. Calculate n(6).
9
Let p = -442 - -446. Let s(h) = 0*h + h**3 - 2*h**2 + 3*h + 6 - 6*h. Determine s(p).
26
Let v(g) be the second derivative of -g**5/20 + g**4/4 + g**3 - 2*g**2 + 35*g. Suppose -13 + 45 = 8*c. What is v(c)?
4
Let f be 9*(-3)/(-15)*(2660/57)/28. Let w(b) = 3*b**3 - 4*b**2 + 2*b. Calculate w(f).
51
Let h(g) = -69496 + 0*g**2 + g**3 + 69469 + 5*g**2 - 6*g. Let i be (5/(-3))/(1/3). Let f 